divided by 83?
82
What is the remainder when 1684 is divided by 19?
12
What is the remainder when 4477 is divided by 745?
7
What is the remainder when 3575 is divided by 256?
247
What is the remainder when 339 is divided by 55?
9
Calculate the remainder when 608 is divided by 55.
3
What is the remainder when 228 is divided by 44?
8
Calculate the remainder when 97 is divided by 56.
41
What is the remainder when 276 is divided by 134?
8
Calculate the remainder when 6122 is divided by 25.
22
Calculate the remainder when 674 is divided by 27.
26
Calculate the remainder when 2459 is divided by 818.
5
What is the remainder when 103 is divided by 16?
7
Calculate the remainder when 240 is divided by 74.
18
Calculate the remainder when 14488 is divided by 42.
40
Calculate the remainder when 413 is divided by 50.
13
What is the remainder when 3320 is divided by 208?
200
What is the remainder when 84 is divided by 69?
15
Calculate the remainder when 342 is divided by 76.
38
Calculate the remainder when 207 is divided by 16.
15
Calculate the remainder when 7160 is divided by 16.
8
Calculate the remainder when 123 is divided by 49.
25
What is the remainder when 1993 is divided by 35?
33
Calculate the remainder when 11 is divided by 9.
2
What is the remainder when 26542 is divided by 48?
46
Calculate the remainder when 175 is divided by 23.
14
Calculate the remainder when 252 is divided by 130.
122
What is the remainder when 260 is divided by 110?
40
Calculate the remainder when 488 is divided by 35.
33
Calculate the remainder when 580 is divided by 290.
0
What is the remainder when 374 is divided by 8?
6
Calculate the remainder when 238 is divided by 46.
8
Calculate the remainder when 764 is divided by 64.
60
Calculate the remainder when 541 is divided by 21.
16
What is the remainder when 1484 is divided by 27?
26
What is the remainder when 9629 is divided by 321?
320
What is the remainder when 1410 is divided by 83?
82
Calculate the remainder when 4401 is divided by 259.
257
What is the remainder when 125 is divided by 110?
15
What is the remainder when 3211 is divided by 44?
43
What is the remainder when 722 is divided by 54?
20
Calculate the remainder when 42 is divided by 15.
12
What is the remainder when 839 is divided by 64?
7
What is the remainder when 10118 is divided by 14?
10
What is the remainder when 279 is divided by 19?
13
What is the remainder when 61 is divided by 27?
7
Calculate the remainder when 3608 is divided by 6.
2
What is the remainder when 27 is divided by 16?
11
Calculate the remainder when 714 is divided by 72.
66
What is the remainder when 612 is divided by 66?
18
What is the remainder when 104 is divided by 18?
14
What is the remainder when 958 is divided by 16?
14
What is the remainder when 376 is divided by 27?
25
Calculate the remainder when 1282 is divided by 1280.
2
Calculate the remainder when 46878 is divided by 160.
158
Calculate the remainder when 5198 is divided by 18.
14
Calculate the remainder when 852 is divided by 45.
42
Calculate the remainder when 316 is divided by 14.
8
Calculate the remainder when 411 is divided by 56.
19
Calculate the remainder when 9599 is divided by 16.
15
What is the remainder when 253 is divided by 15?
13
Calculate the remainder when 1357 is divided by 23.
0
Calculate the remainder when 935 is divided by 25.
10
Calculate the remainder when 624 is divided by 57.
54
Calculate the remainder when 1698 is divided by 24.
18
Calculate the remainder when 909 is divided by 130.
129
Calculate the remainder when 25 is divided by 5.
0
Calculate the remainder when 1579 is divided by 67.
38
Calculate the remainder when 696 is divided by 100.
96
What is the remainder when 184 is divided by 37?
36
Calculate the remainder when 203 is divided by 39.
8
Calculate the remainder when 1147 is divided by 106.
87
Calculate the remainder when 464 is divided by 39.
35
Calculate the remainder when 837 is divided by 276.
9
Calculate the remainder when 126 is divided by 5.
1
Calculate the remainder when 1166 is divided by 239.
210
Calculate the remainder when 930 is divided by 219.
54
What is the remainder when 34 is divided by 7?
6
Calculate the remainder when 230 is divided by 77.
76
Calculate the remainder when 201 is divided by 21.
12
What is the remainder when 106 is divided by 55?
51
What is the remainder when 248 is divided by 23?
18
Calculate the remainder when 20 is divided by 3.
2
What is the remainder when 1342 is divided by 21?
19
What is the remainder when 296 is divided by 15?
11
Calculate the remainder when 1174 is divided by 292.
6
What is the remainder when 735 is divided by 57?
51
What is the remainder when 29 is divided by 2?
1
What is the remainder when 1223 is divided by 68?
67
What is the remainder when 5290 is divided by 14?
12
What is the remainder when 134 is divided by 37?
23
What is the remainder when 667 is divided by 61?
57
What is the remainder when 2523 is divided by 115?
108
What is the remainder when 144 is divided by 44?
12
What is the remainder when 1041 is divided by 11?
7
What is the remainder when 83 is divided by 44?
39
Calculate the remainder when 533 is divided by 65.
13
What is the remainder when 38 is divided by 7?
3
What is the remainder when 357 is divided by 24?
21
What is the remainder when 520 is divided by 20?
0
What is the remainder when 3239 is divided by 40?
39
Calculate the remainder when 2068 is divided by 35.
3
Calculate the remainder when 17 is divided by 8.
1
What is the remainder when 1315 is divided by 645?
25
What is the remainder when 218 is divided by 96?
26
Calculate the remainder when 139 is divided by 60.
19
Calculate the remainder when 117 is divided by 30.
27
Calculate the remainder when 8338 is divided by 15.
13
Calculate the remainder when 170 is divided by 23.
9
What is the remainder when 232 is divided by 4?
0
Calculate the remainder when 212 is divided by 201.
11
What is the remainder when 5065 is divided by 461?
455
What is the remainder when 225 is divided by 60?
45
What is the remainder when 393 is divided by 24?
9
Calculate the remainder when 1511 is divided by 125.
11
Calculate the remainder when 660 is divided by 25.
10
Calculate the remainder when 126 is divided by 20.
6
Calculate the remainder when 120 is divided by 42.
36
What is the remainder when 221 is divided by 3?
2
What is the remainder when 77 is divided by 24?
5
What is the remainder when 977 is divided by 25?
2
What is the remainder when 1210 is divided by 300?
10
Calculate the remainder when 194 is divided by 39.
38
Calculate the remainder when 125 is divided by 9.
8
What is the remainder when 111 is divided by 24?
15
What is the remainder when 34481 is divided by 74?
71
What is the remainder when 862 is divided by 51?
46
Calculate the remainder when 1488 is divided by 47.
31
What is the remainder when 47 is divided by 8?
7
Calculate the remainder when 467 is divided by 13.
12
What is the remainder when 1228 is divided by 1223?
5
Calculate the remainder when 631 is divided by 23.
10
Calculate the remainder when 927 is divided by 36.
27
What is the remainder when 446 is divided by 297?
149
Calculate the remainder when 23431 is divided by 73.
71
Calculate the remainder when 53 is divided by 5.
3
What is the remainder when 1299 is divided by 10?
9
Calculate the remainder when 364 is divided by 353.
11
Calculate the remainder when 2065 is divided by 683.
16
What is the remainder when 382 is divided by 24?
22
Calculate the remainder when 391 is divided by 132.
127
Calculate the remainder when 71 is divided by 3.
2
Calculate the remainder when 175 is divided by 162.
13
What is the remainder when 2888 is divided by 59?
56
Calculate the remainder when 1546 is divided by 465.
151
What is the remainder when 611 is divided by 63?
44
What is the remainder when 582 is divided by 45?
42
What is the remainder when 97 is divided by 23?
5
Calculate the remainder when 421 is divided by 156.
109
Calculate the remainder when 394 is divided by 32.
10
Calculate the remainder when 1621 is divided by 8.
5
Calculate the remainder when 88 is divided by 39.
10
Calculate the remainder when 193 is divided by 24.
1
Calculate the remainder when 412 is divided by 81.
7
Calculate the remainder when 156 is 